
21
Calculate the remainder when 191 is divided by 18.
11
Calculate the remainder when 8 is divided by 1.
0
Calculate the remainder when 50 is divided by 49.
1
Calculate the remainder when 1727 is divided by 96.
95
What is the remainder when 9810 is divided by 11?
9
Calculate the remainder when 41 is divided by 25.
16
What is the remainder when 111 is divided by 38?
35
What is the remainder when 100 is divided by 49?
2
What is the remainder when 8202 is divided by 304?
298
Calculate the remainder when 176 is divided by 50.
26
Calculate the remainder when 315 is divided by 9.
0
What is the remainder when 36 is divided by 21?
15
Calculate the remainder when 1633 is divided by 149.
143
What is the remainder when 70 is divided by 19?
13
Calculate the remainder when 137 is divided by 19.
4
Calculate the remainder when 101 is divided by 23.
9
Calculate the remainder when 303 is divided by 52.
43
Calculate the remainder when 178 is divided by 41.
14
Calculate the remainder when 30 is divided by 4.
2
Calculate the remainder when 159 is divided by 57.
45
What is the remainder when 1015 is divided by 337?
4
What is the remainder when 1156 is divided by 274?
60
What is the remainder when 26 is divided by 18?
8
Calculate the remainder when 1116 is divided by 5.
1
Calculate the remainder when 4182 is divided by 1042.
14
Calculate the remainder when 2630 is divided by 523.
15
Calculate the remainder when 126 is divided by 4.
2
What is the remainder when 1803 is divided by 139?
135
Calculate the remainder when 38 is divided by 25.
13
What is the remainder when 1397 is divided by 14?
11
Calculate the remainder when 318 is divided by 101.
15
Calculate the remainder when 379 is divided by 38.
37
Calculate the remainder when 85 is divided by 44.
41
Calculate the remainder when 418 is divided by 85.
78
Calculate the remainder when 137 is divided by 54.
29
What is the remainder when 31 is divided by 3?
1
What is the remainder when 235 is divided by 130?
105
What is the remainder when 688 is divided by 6?
4
What is the remainder when 417 is divided by 162?
93
What is the remainder when 5 is divided by 4?
1
What is the remainder when 771 is divided by 195?
186
Calculate the remainder when 5318 is divided by 17.
14
Calculate the remainder when 163 is divided by 5.
3
Calculate the remainder when 135 is divided by 57.
21
Calculate the remainder when 825 is divided by 337.
151
Calculate the remainder when 264 is divided by 125.
14
What is the remainder when 79 is divided by 26?
1
Calculate the remainder when 1161 is divided by 27.
0
What is the remainder when 173 is divided by 44?
41
Calculate the remainder when 1416 is divided by 83.
5
What is the remainder when 125 is divided by 43?
39
What is the remainder when 93 is divided by 50?
43
Calculate the remainder when 8041 is divided by 65.
46
What is the remainder when 261 is divided by 4?
1
What is the remainder when 5333 is divided by 15?
8
Calculate the remainder when 358 is divided by 46.
36
Calculate the remainder when 5997 is divided by 3.
0
What is the remainder when 924 is divided by 26?
14
Calculate the remainder when 502 is divided by 22.
18
Calculate the remainder when 45 is divided by 7.
3
Calculate the remainder when 546 is divided by 148.
102
Calculate the remainder when 312 is divided by 35.
32
What is the remainder when 685 is divided by 179?
148
Calculate the remainder when 192 is divided by 48.
0
Calculate the remainder when 765 is divided by 96.
93
What is the remainder when 768 is divided by 255?
3
What is the remainder when 245 is divided by 204?
41
What is the remainder when 1015 is divided by 57?
46
What is the remainder when 212 is divided by 35?
2
What is the remainder when 8015 is divided by 11?
7
Calculate the remainder when 285 is divided by 24.
21
What is the remainder when 804 is divided by 26?
24
Calculate the remainder when 6135 is divided by 13.
12
What is the remainder when 39 is divided by 6?
3
What is the remainder when 2315 is divided by 62?
21
Calculate the remainder when 216 is divided by 95.
26
What is the remainder when 381 is divided by 11?
7
What is the remainder when 131 is divided by 66?
65
Calculate the remainder when 812 is divided by 137.
127
What is the remainder when 6077 is divided by 76?
73
Calculate the remainder when 1007 is divided by 84.
83
What is the remainder when 1947 is divided by 25?
22
Calculate the remainder when 3190 is divided by 84.
82
What is the remainder when 2516 is divided by 11?
8
What is the remainder when 810 is divided by 17?
11
Calculate the remainder when 190 is divided by 14.
8
Calculate the remainder when 153 is divided by 22.
21
What is the remainder when 295 is divided by 23?
19
Calculate the remainder when 4019 is divided by 149.
145
What is the remainder when 119 is divided by 30?
29
Calculate the remainder when 3347 is divided by 9.
8
Calculate the remainder when 92 is divided by 27.
11
What is the remainder when 516 is divided by 169?
9
What is the remainder when 2177 is divided by 128?
1
What is the remainder when 8428 is divided by 34?
30
Calculate the remainder when 24597 is divided by 30.
27
What is the remainder when 596 is divided by 15?
11
What is the remainder when 122 is divided by 66?
56
Calculate the remainder when 8854 is divided by 17.
14
Calculate the remainder when 3393 is divided by 12.
9
What is the remainder when 30 is divided by 11?
8
What is the remainder when 57 is divided by 23?
11
What is the remainder when 5771 is divided by 2881?
9
What is the remainder when 158 is divided by 33?
26
Calculate the remainder when 85 is divided by 29.
27
Calculate the remainder when 3015 is divided by 750.
15
Calculate the remainder when 439 is divided by 34.
31
Calculate the remainder when 1464 is divided by 9.
6
What is the remainder when 22 is divided by 10?
2
Calculate the remainder when 296 is divided by 84.
44
Calculate the remainder when 204 is divided by 98.
8
What is the remainder when 116 is divided by 9?
8
What is the remainder when 422 is divided by 107?
101
Calculate the remainder when 7595 is divided by 38.
33
Calculate the remainder when 842 is divided by 169.
166
What is the remainder when 317 is divided by 31?
7
Calculate the remainder when 87 is divided by 31.
25
Calculate the remainder when 6223 is divided by 22.
19
What is the remainder when 765 is divided by 24?
21
What is the remainder when 2647 is divided by 658?
15
Calculate the remainder when 27 is divided by 4.
3
Calculate the remainder when 304 is divided by 31.
25
Calculate the remainder when 3085 is divided by 384.
13
Calculate the remainder when 311 is divided by 76.
7
Calculate the remainder when 12421 is divided by 35.
31
Calculate the remainder when 811 is divided by 135.
1
What is the remainder when 66 is divided by 19?
9
Calculate the remainder when 748 is divided by 26.
20
What is the remainder when 5987 is divided by 14?
9
What is the remainder when 66 is divided by 10?
6
What is the remainder when 643 is divided by 42?
13
What is the remainder when 1649 is divided by 10?
9
What is the remainder when 69 is divided by 14?
13
What is the remainder when 8162 is divided by 157?
155
What is the remainder when 1055 is divided by 46?
43
What is the remainder when 245 is divided by 50?
45
Calculate the remainder when 213 is divided by 59.
36
Calculate the remainder when 669 is divided by 10.
9
What is the remainder when 6364 is divided by 49?
43
What is the remainder when 56 is divided by 15?
11
What is the remainder when 93 is divided by 25?
18
What is the remainder when 87 is divided by 42?
3
What is the remainder when 668 is divided by 132?
8
What is the remainder when 510 is divided by 47?
40
Calculate the remainder when 2378 is divided by 125.
3
Calculate the remainder when 1687 is divided by 24.
7
What is the remainder when 224 is divided by 26?
16
What is the remainder when 2099 is divided by 524?
3
What is the remainder when 3342 is divided by 304?
302
What is the remainder when 27060 is divided by 34?
30
Calculate the remainder when 1397 is divided by 51.
20
What is the remainder when 72 is divided by 16?
8
What is the remainder when 123 is divided by 64?
59
Calculate the remainder when 920 is divided by 62.
52
What is the remainder when 1